) a composite number?
True
Let m(d) = -d + 13. Let l be m(10). Suppose -l*x = -x - 1454. Suppose 261 = 4*s - x. Is s a composite number?
True
Let y(a) = a**3 - 11*a**2 + 13*a - 23. Is y(10) a composite number?
False
Suppose -2*k + 7*k = 10. Let r = -4 + k. Is (5 + -4)/(r/(-298)) composite?
False
Let r(x) = -12*x**3 + 10*x**2 + 7*x - 9. Is r(-6) a prime number?
False
Let k = -69 - -275. Let y = -60 + k. Is y composite?
True
Suppose -5*w = g - 4 - 15, 3*w - 8 = -4*g. Let r be (-97)/g - (0 - -3). Suppose -2*k + 40 = 2*m, -3*m = -5*k + r - 2. Is k composite?
False
Suppose -2*t - 4*l + 2286 = 0, 0 = 4*t + 2*l + 366 - 4938. Suppose 4*f - t = f. Suppose -4*q = -q - f. Is q composite?
False
Let g = 4 - -3. Let b(x) = -5*x**3 + 8*x**2 - 3*x + 3. Let z(k) = 14*k**3 - 24*k**2 + 9*k - 9. Let o(j) = -11*b(j) - 4*z(j). Is o(g) composite?
False
Let k(y) be the first derivative of y**4/4 + 2*y**3 - 9*y**2/2 + 5*y - 5. Is k(-7) a composite number?
False
Let i be (1/1)/(7/420). Suppose -4*w - 10 + i = -2*u, -5*w = -3*u - 60. Is w a composite number?
True
Let n(k) = 20*k**2 - 17*k - 7. Is n(8) a composite number?
True
Let r(j) = -j**3 + 2*j**2 - 2 + 4 + j**2. Let f be r(4). Is (4/6)/(f/(-483)) a prime number?
True
Let d(q) = -3*q**2 - 3*q + 5. Let h be d(5). Is (-4)/(-2)*h/(-2) a prime number?
False
Let u(p) = -3*p**3 + 3*p**3 - 2*p + 7 - p**3 - 3*p**2. Is u(-6) a composite number?
False
Let z = -33 - -98. Let q be (-2)/(-7) + 19/7. Suppose -z + 2 = -q*y. Is y prime?
False
Suppose -2*j + 4*o - 6*o + 72 = 0, 39 = j - 2*o. Is j a composite number?
False
Let f be -7*(3 + 0 + -2). Let p = f - -28. Is p composite?
True
Let u = -5 - -5. Suppose 95 = 5*r - 2*f, -4*r + 3*r - 5*f + 19 = u. Is r a prime number?
True
Suppose -2*d - 16 = -5*x + 3, 4*d + 4*x = 32. Suppose -d*c - 28 = -85. Is c a prime number?
True
Let i = -6 + 5. Is (i/3)/(3/(-207)) a prime number?
True
Let p be (-4 + 4)/((-1)/(-1)). Suppose 0 = 2*g - p*g - 36. Let a = g - 3. Is a composite?
True
Suppose -5*g - 5026 = -4*h, -5*h + 2*h + 3781 = 2*g. Is h a prime number?
True
Let a(f) = 2*f**3 - 6*f**2 - f + 7. Is a(6) composite?
True
Suppose -5*p = 4*g - 138, 2*p + 3*p + 2*g - 134 = 0. Let j = -1 - 30. Let f = p - j. Is f a composite number?
True
Let a(s) = s + 9. Suppose 4*d - 2 = 14. Is a(d) a prime number?
True
Let j(s) = -s**3 + 24*s**2 - 39*s + 37. Is j(15) a prime number?
False
Let p(a) = -6*a**3 - a - 2. Let o be p(-1). Suppose y = 5*r - 0 - 24, 4*y - 4 = -o*r. Is r prime?
False
Let q(y) = -y**2 + 8*y - 7. Let f be q(6). Let a(m) = -m + 7. Let v be a(f). Suppose -2*p = 2*u - u - 9, -2*p = v*u - 4. Is p prime?
True
Let u(h) be the second derivative of -17*h**3/3 + 7*h**2/2 + h. Is u(-4) a composite number?
True
Let s = 1070 + -256. Suppose -3*o = -5*d + s, 0 = 5*d - 5*o - 632 - 188. Is d a composite number?
True
Let m be 6/(-27) - 8546/18. Let u = -330 - m. Is u a prime number?
False
Suppose -2*v + 8 = -0*v. Suppose 2*m = -4*q - 20, v*m = 2*q - 5 + 15. Suppose m*l - 3*l = -45. Is l prime?
False
Let p be 2/(-6) + (-30)/(-9). Let x(c) = 3 + 3*c**2 - p + 1 - 2*c. Is x(6) a prime number?
True
Let j(m) = -1 + 0 + m - 16*m + 3. Is j(-5) composite?
True
Let u = -26 + 16. Let r(o) = -o**2 - 11*o. Is r(u) a composite number?
True
Suppose 0 = r - 2 - 3. Suppose -4*c = -11 - r. Is ((-2)/3)/(c/(-78)) a composite number?
False
Suppose 78 = 2*g - 56. Is g composite?
False
Is (-56)/21*(-11922)/8 prime?
False
Let a(p) = p**3 + 9*p**2 - 13*p - 11. Let r = 3 - 2. Suppose -2*o - r = -5, -34 = 3*f - 2*o. Is a(f) composite?
False
Let a = 450 - -1239. Is a a composite number?
True
Let c be 3/(6/4) + -2. Suppose c = -n + 6*n - 285. Is n prime?
False
Let l be 20/15 + (-4)/(-6). Suppose -3*d - 2*p = -19, p = 4*d - l*p - 31. Is d a composite number?
False
Is (3/(-2))/(6/(-9332)) prime?
True
Is 3280/6 + -2*(-4)/24 prime?
True
Suppose 5*t - 2296 = 394. Is t composite?
True
Let a be 4/6 - 130/15. Let g be ((-4)/a)/(2/4). Let m(f) = 6*f**2 + 1. Is m(g) a composite number?
False
Suppose -2*c = 460 + 1868. Let j be 15/2 - 2/(-4). Is (-2)/3*c/j a prime number?
True
Suppose 0 = 4*d + d - 40. Let l(i) = 5*i + 3. Is l(d) prime?
True
Let v = 469 + -78. Is v a prime number?
False
Suppose 0*w + 105 = 3*w. Is w composite?
True
Let q = -50 + 769. Is q a composite number?
False
Suppose -3*c = -j + 299, c - 2*j = -0*j - 103. Let f = 64 - c. Is f composite?
False
Suppose 4*r = 20, 0 = -3*g + 5*r + 9 - 46. Is (g/(-6))/((-4)/(-786)) prime?
True
Let k(q) = 3*q - 1. Let h be k(2). Suppose 2 = -h*b + 7. Let w(l) = 94*l + 1. Is w(b) a prime number?
False
Let c(j) = 4*j - 1. Let h be c(4). Let t be (-5)/h*(-112 - -1). Suppose 15 = o + y, 5*y + 0 = -3*o + t. Is o prime?
True
Let q(p) = -p + 28. Let c be q(0). Suppose -n = -4*n - 3. Is 1/((-2)/c*n) a prime number?
False
Let h(l) = 2*l**2 - 5*l - 6. Let f be h(5). Suppose 20 = 5*b, 3*b = 2*y + f + 11. Let k = 12 + y. Is k a composite number?
False
Suppose a = 144 + 107. Is a prime?
True
Let y(w) = -6*w**2 - 26*w - 2. Let d(o) = -7*o**2 - 26*o - 2. Suppose -4*g + g - 18 = -b, -16 = -4*b - 2*g. Let p(a) = b*y(a) - 5*d(a). Is p(-11) composite?
False
Let u(k) = 2*k**3 - 3*k**2 + 9*k - 6. Let r be u(7). Suppose 3*n + r = 7*n. Is n composite?
False
Let q(k) = -3*k + 18. Let f(o) = o + 1. Let s(i) = 4*f(i) + q(i). Let c be s(0). Suppose 0 = p + h - c, -3*p + 5*h + 44 = -p. Is p a composite number?
True
Suppose -b + 961 = 42. Is b a prime number?
True
Let k(f) = f**3 - 5*f**2 - 7*f + 9. Let r be k(6). Suppose r*u - 4 = 5. Is u a composite number?
False
Let x be 2*((-18)/4)/(-3). Suppose x*t = -t + 460. Is t prime?
False
Let w(a) = 2*a**2 - 1. Let y be w(-1). Is (3 + (31 - 3))/y composite?
False
Let n = 6 - 6. Is n + 0 - -34 - 3 prime?
True
Suppose 3*h = 8*h + 35. Let j = h - -10. Suppose -j*w - 45 = -6*w. Is w composite?
True
Suppose -4*x = k - 1167, -1481 = -4*x + 2*k - 323. Is x a prime number?
False
Let j(f) = -157*f. Is j(-5) composite?
True
Suppose 5*b - 6*j + j - 3380 = 0, 3*b - j - 2026 = 0. Let r = b + -286. Is r prime?
True
Let k = -4 + 7. Let g = 7 - k. Suppose 3*z + g*s - 26 - 23 = 0, -4*z = -4*s - 112. Is z prime?
True
Let u(q) = 23*q - 6. Let t be u(-6). Let p be 1*3/(-6)*t. Let y = p - 7. Is y prime?
False
Let t(f) = 48*f**2 + 2*f + 1. Let s be t(-1). Suppose 5*r + 3*c - 2*c - s = 0, 18 = 3*r + 4*c. Is r composite?
True
Let z = 13 + -9. Suppose -2*k - 11 = -z*s - 3, 9 = -3*s. Let h(o) = -5*o + 3. Is h(k) composite?
False
Let l be (80 - 5)*1/3. Let q be (-263)/(-5) - 15/l. Let b = q + 33. Is b prime?
False
Let m = 5 + 1. Suppose -4*u = -u - m. Suppose 2*v = u*d + 18, -3*v - d + 43 = 4*d. Is v a prime number?
True
Let n(a) be the second derivative of a**6/90 - a**5/20 - 5*a**4/24 - a**3/2 - a. Let s(q) be the second derivative of n(q). Is s(5) composite?
True
Let s = 2783 - 1975. Suppose 4*b = -0*a - 5*a + 776, 3*a + s = 4*b. Is b a composite number?
False
Suppose -126 = -2*w - 368. Let t = w + 206. Is t a composite number?
True
Let s = 224 + -149. Is (-2)/(-1 - s/(-77)) prime?
False
Let u(o) = -18*o - 4. Let l(j) = -37*j - 8. Let c(w) = 3*l(w) - 7*u(w). Suppose -d + 9 = 2*d. Is c(d) prime?
False
Suppose 5 = -3*g + 14. Suppose -3*o = 4*a - 53, 2*a + 3*a - g = -o. Let x = -13 + o. Is x composite?
True
Suppose -2*k = 18 - 92. Is k a composite number?
False
Suppose -4*w + 1 = -2*d + 17, 5*w = -15. Suppose -130 = -d*f + f. Is f/18 + (-4)/18 composite?
False
Suppose 0 = -3*j - k + 16, -4 = -j + 2*k - 8. Suppose 2*t - 12 = -3*w, -w + j*t = 4*w - 42. Let i = 145 - w. Is i composite?
False
Let t be (-516)/42 + (-6)/(-21). Is (-2)/(-6) - 440/t composite?
False
Let u be (-2)/4*-12*2. Let j be (-1 - -2)/(4/u). Is j/(3/57*1) prime?
False
Let r be (-6)/3 - (-2 - 239). Suppose -2*x = 3 - r. Suppose -5*q + 4*z = -x, -3*q + 53 = -2*z - 17. Is q prime?
False
Suppose 5*p - 660 - 625 = 0. Is p composite?
False
Suppose -4*k + 2*u = -13156, k + 2*u - 3275 = -u. Is k a composite number?
True
Let w(q) = 32*q**2 + 5*q + 3. Is w(-5) a composite number?
True
Let f = 349 - -104. Is f composite?
True
Let w be 580 + -1 + 1 + 0. Is w/6 - (-1)/3 a composite number?
False
Suppose -2*n - 4*y - 4 = 6, 4*y - 39 = 5*n. Let z(x) = -x**2 + 8*x - 2*x + 3*x**2 - 9. Is z(n) a composite number?
False
Let y be 1/(-3) + (-2)/(-6). Let u = 4